 = b + 0. Calculate the highest common factor of q and 1.
1
Let a be (-1 - 3/(-2)) + (-246)/12. Let m = 290 + a. Calculate the highest common divisor of m and 30.
30
Suppose 6*c + 12 - 42 = 0. Suppose c = -5*t, -170 = -2*g - t - 17. Suppose 17*u = 20*u - 21. What is the highest common divisor of u and g?
7
Let k = -2154 + 2156. Calculate the greatest common divisor of 353 and k.
1
Let t be 80/(-32)*(-369 + 5). What is the greatest common factor of t and 280?
70
Let p(f) = -65*f**2 - 5*f + 5. Let r be p(1). Let x be (-2)/(-5) - 234/r. Calculate the greatest common divisor of 3 and x.
1
Suppose 0*i + q + 329 = 3*i, 5*i - 553 = 4*q. Let t = i + -105. What is the greatest common factor of 76 and t?
4
Let y(l) = -l**2 + 10*l - 8. Suppose 4*c = 10 + 2. Let m be y(c). Suppose 3*j = -i + m + 7, 3*j - 17 = -4*i. What is the highest common divisor of 28 and j?
7
Suppose -5*q = -5*j - 10, -5*q + 1 = -3*j - 3*q. Suppose -43 - 263 = -j*m. Let r = 976706 + -976638. What is the highest common divisor of m and r?
34
Let l = -36159 - -37676. Calculate the greatest common factor of l and 1312.
41
Let o = -213 - -216. Suppose 0 = 4*u - 7*u + 9, -o*c + 5*u + 399 = 0. Calculate the greatest common factor of 18 and c.
6
Let x = -74 + 106. Let h = -24 + x. Suppose 59 - 3 = h*m. What is the greatest common factor of 56 and m?
7
Suppose -145*k + 3799 = -144*k - 3*q, 0 = 2*k - 5*q - 7597. Calculate the greatest common divisor of k and 520.
52
Suppose 113 = -4*z + 517. Let x = -55 + z. Let i = -43 + x. Calculate the greatest common divisor of 27 and i.
3
Let j be 4/38 + 11/(1045/(-10)). Let x be 40 - 36 - (1*-1 - j). What is the highest common divisor of x and 10?
5
Let n(l) = -2*l**2 + 104*l + 109. Let m be n(53). Suppose -q + 61 = 5*o, 0*o - 3*q = 2*o - 27. Let u = -10 + o. What is the highest common divisor of u and m?
1
Let r(o) = -o**3 - 6*o**2 + 8*o + 11. Let f = -392 - -385. Let h be r(f). What is the greatest common factor of h and 10?
2
Suppose -t - 2*t + 6 = 0, 3*t - 102 = -4*p. Let h = p + 1. Suppose 4*n = -4*x + 504, 0 = -3*x - n + 89 + 287. What is the greatest common divisor of x and h?
25
Suppose -5*p - 1256 + 221 = 0. Let t = p + 459. Calculate the greatest common factor of t and 36.
36
Let n = -188 - -191. Suppose n*x + 180 = -2*s + 6*s, 4*x = 0. What is the highest common divisor of s and 63?
9
Suppose -544 = -154*h + 150*h - 3*l, 5*l - 408 = -3*h. What is the greatest common factor of h and 986?
34
Suppose -860*b + 27689 = 2482*b + 953. Let s be 926/4 + 1/2. Calculate the greatest common divisor of b and s.
8
Let d(n) = -n**2 - 9*n + 120. Let p be d(8). Let t be (28/(-35))/((-2)/125). Let o = t + p. What is the greatest common factor of 51 and o?
17
Let i be 197/(-2)*2*-3. Let w = i - 338. What is the highest common divisor of w and 11?
11
Suppose 4*a - 4 = -2*y, 6*a - 4*a = -4*y + 14. Let j be (-23)/(-2) - y/24*-3. Calculate the greatest common divisor of j and 6.
6
Let n(z) = 8*z**2 - 28*z + 6. Let c(f) = -6*f**2 + 28*f - 5. Let u(x) = -5*c(x) - 4*n(x). Let t be u(-14). Calculate the highest common factor of t and 25.
1
Let m(q) = -828*q - 58. Let s be m(-1). Let w = 806 - s. Let h = 268 + -178. Calculate the highest common factor of w and h.
18
Let w = -21303 - -23094. What is the highest common divisor of 4577 and w?
199
Let i be -13*(10/(-3))/((-130)/(-156)). What is the highest common factor of i and 338?
26
Let u(l) = 166*l + 3558. Let p be u(-21). Let j be (-878)/(-14) + (-38)/(-133). What is the greatest common factor of p and j?
9
Let g(v) = 65*v - 2789. Let h be g(43). Calculate the highest common factor of h and 17382.
6
Let b(x) = -x**3 + 4*x**2 + 10*x - 21. Let h be b(5). Let s be 10/h*(-96)/(-20). What is the highest common factor of 108 and s?
12
Suppose 0 = v - 0*v. Suppose v = -i + 3*x + 94, -i + 4*x = 4*i - 492. Let u = 344 - 194. What is the highest common factor of i and u?
50
Let x(z) = 9*z + 1 - 9 - 5 + 25*z + 15*z. Let t be x(2). What is the highest common factor of 5 and t?
5
Suppose -11*a = -6*a - 460. Let d = a + 27. What is the highest common factor of 68 and d?
17
Let o(x) = -15*x. Let k be o(-4). Suppose -5*t - 33 = 27. Let l be t*(-2)/(16/k). What is the greatest common divisor of l and 36?
18
Let i be (144/40)/((6/220)/1). What is the greatest common factor of 3993 and i?
33
Let n(a) = 5*a**2 - a**2 - 2*a + 1 + a. Let k be n(1). Suppose 0 = 33*v - 36892 + 36628. Calculate the highest common divisor of v and k.
4
Let b(v) = v**3 - 9*v**2 + 23*v - 10. Let a be b(5). Suppose x = -4, -32 = 4*d - a*d - x. What is the highest common factor of 20 and d?
4
Suppose -4*r + 5*g = -52 + 4, 0 = -2*r + 5*g + 34. Let n(s) = -s**3 - 8*s**2 - 11*s - 18. Let p be n(-8). What is the greatest common factor of p and r?
7
Let k be (-8 + 1056/80)/((-3)/30). Let b be (-4)/14 - 822/14. Let h = k - b. Calculate the greatest common divisor of h and 35.
7
Let p be 26/21*(-9225)/(-150) - (-12)/14. Calculate the greatest common divisor of p and 4521.
11
Let c = 995 - 965. What is the highest common factor of 1215 and c?
15
Suppose 4*d - 14*d + 50 = 0. Suppose 4*m + 4*c - 3 = 9, -d*m - c = -7. Let p(t) = 28*t + 2. Let v be p(m). Calculate the greatest common factor of v and 15.
15
Suppose 246 = 2*j + 78. Let c be ((-35)/3)/(13/(-234)). What is the greatest common divisor of j and c?
42
Suppose 28*i - 1641 - 935 = 0. Let y be (1*-4)/((-2)/8). Suppose l = b - y, 6*b - b - i = -l. Calculate the highest common divisor of b and 180.
18
Suppose -18*m + 13*m = 20. Let j be ((-1)/m)/(6/36)*2. Suppose -7*n + 52 = -j*n. What is the highest common factor of 39 and n?
13
Let h(o) = -43*o + 3. Let r be h(3). Let p be (3 - (r + -1)) + -1. Suppose t - p = -5*x, -5*x + 2*t = 5*t - 127. What is the highest common divisor of 13 and x?
13
Suppose -734 - 18 = -5*f - 2*d, 5*f - 4*d = 746. Calculate the greatest common factor of 1450 and f.
50
Let n = 115 - 95. Let b(z) = 28*z - 70. Let i be b(5). What is the highest common factor of n and i?
10
Let g = 8222 - 3475. What is the highest common divisor of 47 and g?
47
Suppose y = -30*m + 217, m + 560 = 2*y + y. What is the highest common divisor of 341 and y?
11
Let n be -2 + (9 + -5)/2. Suppose 0 = -5*z + 2*w - 5*w + 71, n = -w + 2. What is the highest common factor of z and 39?
13
Let i be (5/10)/(19/247*(-1)/(-44)). What is the highest common divisor of 110 and i?
22
Let u = 15446 + -15016. Calculate the greatest common factor of 680 and u.
10
Let s be (-1)/((-12)/(-195))*1896/(-1185). Suppose 0 = b + 3*q + 24 - 74, b - 85 = 4*q. Calculate the highest common divisor of s and b.
13
Let t = 903 + -926. Let h = t + 155. Calculate the greatest common divisor of 99 and h.
33
Suppose 19 = 5*l - 2*j, 0 = 3*l - 7*j + 2*j. Suppose l*u - 1582 - 158 = 0. Calculate the greatest common divisor of u and 12.
12
Let y(p) = 3*p**2 - p + 7. Let x be y(0). Let d be 0/(-1) - (-588)/21. What is the greatest common divisor of d and x?
7
Let k(b) = -b**2 + 7*b - 9. Let a be k(6). Let h be (-2 + 20)/((-1)/a). Let z be 3/(-6) + (-47)/(-2) + -5. Calculate the greatest common factor of h and z.
18
Suppose 0 = -2*w - 4*c + 40, 3 - 15 = -w - 4*c. Suppose m = 73 - w. Suppose 15 = q - 3. What is the highest common factor of q and m?
9
Let v(u) be the third derivative of 3*u**4/8 + 8*u**3 - 73*u**2. Let q be v(8). What is the highest common factor of q and 48?
24
Let b be (-11)/33*(-207)/1. What is the highest common factor of b and 4899?
69
Let l(i) = -2888*i + 36000. Let n be l(0). What is the greatest common divisor of n and 288?
288
Suppose g = -g - 4*g. Let a be (2 + g)/(-12 - -10) + 141. Calculate the greatest common divisor of 20 and a.
20
Let c(f) = -9*f. Let k(y) = 1. Let a(u) = c(u) - 9*k(u). Let i be a(-3). What is the greatest common factor of i and 306?
18
Suppose -5*p = -5*b + 130, -10*p - 647 + 727 = 0. Let o = -69 - -341. What is the highest common factor of b and o?
34
Let p = 901 - 529. Suppose 4*q - 3*j = q + p, 3*q + 4*j = 386. What is the greatest common factor of q and 14?
14
Suppose 0 = -3*l + 4*k + 1486 + 379, 3*l - 2*k - 1867 = 0. Let w be -4 + (-68)/(-16) + l/4. What is the highest common factor of 39 and w?
39
Suppose -7 = -o + 1. Let p(j) be the first derivative of j**3/3 - 5*j**2/2 + 3*j - 52. Let l be p(o). What is th